e prime factors of 87439752?
2, 3, 1214441
What are the prime factors of 63298244?
2, 1951, 8111
List the prime factors of 47095670.
2, 5, 167, 28201
List the prime factors of 1019628590.
2, 5, 41, 1097, 2267
What are the prime factors of 244993278?
2, 3, 199, 205187
What are the prime factors of 227898809?
1657, 137537
What are the prime factors of 155379859?
113, 1375043
What are the prime factors of 876031589?
876031589
What are the prime factors of 16809200?
2, 5, 42023
List the prime factors of 558813285.
3, 5, 31, 509, 787
List the prime factors of 1099376296.
2, 41, 199, 16843
What are the prime factors of 61505983?
7, 11, 17, 19, 2473
What are the prime factors of 1161546832?
2, 89, 815693
What are the prime factors of 131530077?
3, 7, 23, 43, 2111
List the prime factors of 665988501.
3, 221996167
What are the prime factors of 7829197048?
2, 29, 379, 89041
List the prime factors of 146822590.
2, 5, 14682259
List the prime factors of 4835169599.
13, 593, 48247
List the prime factors of 977035227.
3, 7, 46525487
List the prime factors of 20057081.
11, 23, 7207
List the prime factors of 2976808478.
2, 7, 6037, 35221
What are the prime factors of 1059751606?
2, 167, 3172909
List the prime factors of 314850258.
2, 3, 17491681
List the prime factors of 454432699.
7, 137, 473861
List the prime factors of 8770767.
3, 2923589
List the prime factors of 161996243.
161996243
List the prime factors of 248256017.
2887, 85991
List the prime factors of 30083802.
2, 3, 7, 19, 37699
List the prime factors of 1292862961.
13, 19, 5234263
What are the prime factors of 65665453?
7, 101, 131, 709
What are the prime factors of 1724494337?
53, 32537629
List the prime factors of 192224070.
2, 3, 5, 263, 2707
What are the prime factors of 122974808?
2, 11, 1397441
What are the prime factors of 323355747?
3, 11, 13, 753743
What are the prime factors of 253129121?
7, 41, 881983
List the prime factors of 706115593.
706115593
What are the prime factors of 43329048?
2, 3, 7, 349, 739
What are the prime factors of 59625281?
47, 1268623
What are the prime factors of 34519118?
2, 3251, 5309
List the prime factors of 186122063.
1709, 108907
List the prime factors of 5429888234.
2, 8737, 310741
What are the prime factors of 452806112?
2, 11, 1286381
List the prime factors of 12747972.
2, 3, 229, 4639
What are the prime factors of 1476639002?
2, 738319501
What are the prime factors of 213388358?
2, 89, 1198811
List the prime factors of 27444433.
1319, 20807
List the prime factors of 13222985.
5, 29, 91193
What are the prime factors of 28784866?
2, 11, 1308403
List the prime factors of 252677072.
2, 71, 347, 641
List the prime factors of 1615473803.
19, 85024937
What are the prime factors of 14857137?
3, 1650793
What are the prime factors of 290260610?
2, 5, 29026061
What are the prime factors of 36228966?
2, 3, 6038161
List the prime factors of 334188121.
113, 2957417
List the prime factors of 2747466426.
2, 3, 23, 109, 182653
What are the prime factors of 63995621?
63995621
What are the prime factors of 103381588?
2, 53, 487649
What are the prime factors of 186069643?
43, 4327201
List the prime factors of 341904065.
5, 2801, 24413
List the prime factors of 2430178541.
7, 73, 65147
What are the prime factors of 521286423?
3, 7, 41, 605443
List the prime factors of 157061446.
2, 4327, 18149
What are the prime factors of 8815398?
2, 3, 37, 39709
What are the prime factors of 2840279794?
2, 11, 17, 367, 20693
What are the prime factors of 717646122?
2, 3, 29, 487, 941
What are the prime factors of 1659501336?
2, 3, 23, 29, 83, 1249
What are the prime factors of 196747621?
7, 431, 65213
What are the prime factors of 1423807737?
3, 11, 43145689
What are the prime factors of 94159219?
7, 11, 1222847
What are the prime factors of 85590399?
3, 28530133
What are the prime factors of 6093328414?
2, 3046664207
List the prime factors of 274151682.
2, 3, 7, 97, 7477
List the prime factors of 84401545.
5, 16880309
What are the prime factors of 934240088?
2, 3833, 30467
List the prime factors of 27007186.
2, 17, 683, 1163
What are the prime factors of 59463947?
23, 2585389
List the prime factors of 27027726.
2, 3, 11, 47, 8713
List the prime factors of 310936482.
2, 3, 19, 151, 223
What are the prime factors of 354578534?
2, 23, 29, 157, 1693
List the prime factors of 46249287.
3, 7, 19, 29, 571
What are the prime factors of 115515714?
2, 3, 17, 1132507
List the prime factors of 54232395.
3, 5, 7, 516499
What are the prime factors of 1564893125?
5, 41, 173, 353
List the prime factors of 5134735.
5, 1026947
What are the prime factors of 90837060?
2, 3, 5, 157, 9643
What are the prime factors of 400755933?
3, 23, 331, 5849
What are the prime factors of 62686981?
7, 8955283
What are the prime factors of 2213842757?
7, 103, 613, 5009
List the prime factors of 142975383.
3, 23, 269, 7703
List the prime factors of 4964533346.
2, 2482266673
What are the prime factors of 1163774?
2, 53, 10979
What are the prime factors of 26869954?
2, 79, 170063
What are the prime factors of 22355980?
2, 5, 1117799
What are the prime factors of 4354685127?
3, 13, 443, 84017
What are the prime factors of 63060937?
53, 211, 5639
List the prime factors of 51311960.
2, 5, 7, 401, 457
List the prime factors of 390572278.
2, 71, 2750509
List the prime factors of 1054949629.
331, 3187159
What are the prime factors of 59049520?
2, 5, 83, 8893
What are the prime factors of 279587255?
5, 47, 107, 11119
What are the prime factors of 95128135?
5, 19025627
What are the prime factors of 528029643?
3, 176009881
List the prime factors of 2782808511.
3, 7, 43, 3081737
What are the prime factors of 1408734384?
2, 3, 47, 601, 1039
What are the prime factors of 73809862?
2, 7, 73, 72221
List the prime factors of 223949061.
3, 7, 507821
List the prime factors of 1261292666.
2, 113, 281, 19861
What are the prime factors of 550936555?
5, 13, 8475947
What are the prime factors of 30651101?
13, 827, 2851
What are the prime factors of 5371386752?
2, 1549, 27091
List the prime factors of 564830683.
101, 509, 10987
What are the prime factors of 30480131?
11, 29, 95549
List the prime factors of 191317174.
2, 23, 53, 97, 809
What are the prime factors of 1673378?
2, 7, 17, 79, 89
What are the prime factors of 7646170010?
2, 5, 131, 5836771
List the prime factors of 327929317.
2857, 114781
What are the prime factors of 37385153?
13, 41, 70141
What are the prime factors of 425312075?
5, 3251, 5233
What are the prime factors of 18814852?
2, 7, 17, 29, 47
What are the prime factors of 503285228?
2, 167, 753421
List the prime factors of 2190185488.
2, 23, 5951591
What are the prime factors of 79081000?
2, 5, 31, 2551
What are the prime factors of 18482553?
3, 17, 67, 601
List the prime factors of 4756492403.
13, 241, 1518191
What are the prime factors of 37837722?
2, 3, 13, 227, 2137
List the prime factors of 1453550326.
2, 726775163
List the prime factors of 10130479.
10130479
List the prime factors of 576838227.
3, 7, 27468487
What are the prime factors of 405280044?
2, 3, 13, 288661
List the prime factors of 85318856.
2, 7, 1523551
List the prime factors of 132452042.
2, 167, 396563
List the prime factors of 170939569.
229, 823, 907
What are the prime factors of 34232647?
53, 709, 911
What are the prime factors of 216153309?
3, 72051103
List the prime factors of 193940868.
2, 3, 11, 1469249
List the prime factors of 38112855.
3, 5, 11, 101, 2287
What are the prime factors of 2949678373?
2949678373
List the prime factors of 746342403.
3, 401, 620401
What are the prime factors of 139938247?
31, 4514137
What are the prime factors of 115978178?
2, 127, 456607
What are the prime factors of 74288146?
2, 41, 271, 3343
What are the prime factors of 33244287?
3, 11081429
What are the prime factors of 391447085?
5, 673, 116329
What are the prime factors of 43179350?
2, 5, 769, 1123
List the prime factors of 47060411.
37, 1271903
List the prime factors of 184837675.
5, 11, 672137
What are the prime factors of 3730609743?
3, 7, 177648083
List the prime factors of 446633613.
3, 49625957
List the prime factors of 26777295.
3, 5, 17, 29, 71
What are the prime factors of 61680686?
2, 30840343
List the prime factors of 109436722.
2, 54718361
List the prim